hat is the hundreds digit of (-2)/((-2)/(-8230)*-5)?
6
Suppose 0 = -4*u - 0*u. What is the units digit of (-2 + u + 3)*9?
9
Let q = -127 + 227. Suppose 160 = 5*z - q. What is the units digit of z?
2
Let a(r) = 1947*r + 10. What is the tens digit of a(1)?
5
Let o(d) = d**3 - 10*d**2 + 16*d + 1. Let a be o(8). Suppose -h + 0 = a. Let g = 73 - h. What is the tens digit of g?
7
Suppose -19 = v + 5*c, -3*c - 17 = v + v. Let t be (v/(-6))/((-4)/(-174)). Suppose 3*u - t = 13. What is the tens digit of u?
1
Let g be (3 - 6) + -13 + 0. Let j = g - -18. Suppose -34 = j*i - 80. What is the tens digit of i?
2
Let f(r) = 6*r + 8. Let j(q) = -q. Let w(v) = -f(v) + 3*j(v). What is the tens digit of w(-9)?
7
Let a(m) = -18 + 0 + 4*m + 9*m - m**2 + 0. Let b be a(11). Suppose -2*s - 95 = -3*t, -b*t - s = 2*s - 155. What is the units digit of t?
5
Let x(d) = -16 + d**2 - 2*d**2 - 9 + 1 + 30*d. What is the units digit of x(18)?
2
Suppose -2*r = -4*r + 8. Suppose -r*g = -20, 4*g - 296 = -4*i - 0*i. What is the units digit of i?
9
Let c(h) = h**3 - 11*h**2 - h + 1. Let l be c(10). Let m = -29 - l. What is the units digit of m?
0
Let v(h) be the first derivative of h**2/2 - 4. Let y(k) = -3*k - 3. Let f(i) = 2*v(i) + 2*y(i). What is the tens digit of f(-10)?
3
Suppose -2*r + 1755 = 5*a - 2052, 0 = r - 1. What is the units digit of a?
1
Let h be (4/6 + (-98)/84)*-4. What is the tens digit of (-83)/(3*h/(-6))?
8
Let n(b) = -108*b - 13. What is the hundreds digit of n(-2)?
2
Suppose 0 = -8*d + 261 - 53. Let v = d + 46. What is the units digit of v?
2
Let t(m) be the third derivative of m**6/120 + 3*m**5/20 - 7*m**4/6 - 11*m**3/6 - m**2. What is the units digit of t(-11)?
5
Let u be ((-15)/6)/((-1)/2). Suppose -8*g + u*g = 0. Suppose g = 4*y - 2*y - 88. What is the units digit of y?
4
Suppose 4*r - 212 = 4*m, -18*m + 13*m - 209 = -4*r. Let c be 1/3 - (-202)/6. Let h = r - c. What is the tens digit of h?
2
Let l(i) = i**3 + 14*i**2 + 6*i + 25. What is the units digit of l(-11)?
2
Suppose 4*y + 2*m + 458 = 1572, -2*m - 1134 = -4*y. What is the units digit of y?
1
Let a = 46 + 995. What is the units digit of a?
1
Let v = -163 - -390. Suppose 5*y - 28 - v = 0. What is the tens digit of y?
5
Let y(r) = 82 + 3*r - 76 - r**2 + 0*r**2. Let c be y(3). Suppose -t - 2*a + 44 = -c*a, 3*a + 6 = 0. What is the units digit of t?
6
Suppose 3*u + 3*c + 8 = 4*u, 5 = -5*c. Suppose -x - u*x = -1434. What is the hundreds digit of x?
2
What is the tens digit of ((-6)/4)/(81/(-21006))?
8
Suppose 0 = -4*v - 3*w + 46, 2*w - 2 = w. Suppose 15*s - 420 = v*s. What is the units digit of s?
4
Let t(c) = -1 - 5*c + 40*c**2 - 36*c**2 + 2*c. Let x = 5 + -7. What is the units digit of t(x)?
1
Let r be ((-9558)/(-24))/(-3)*4. What is the units digit of (r/(-6) + 5)*2?
7
Let a(l) = -271*l + 3. What is the units digit of a(-4)?
7
What is the units digit of 223428/688 + -2*2/(-16)?
5
Let s = 891 + -414. What is the tens digit of s?
7
Suppose 0 = -3*u - 4*t + 12, 3*u + 3*t = u + 9. Suppose u = 6*v + 3 - 15. What is the units digit of v?
2
Suppose -3*x + 426 = -4*r, -4*x - r + 568 = 4*r. Suppose -n + 71 = -3*i, 2*n - i - x = -4*i. What is the units digit of n?
1
Let u(q) = 11*q - 12. Let g be u(5). Suppose 3*l - 183 = -3*h, -2*l + 5*h = -l - g. What is the units digit of l?
8
Suppose -23*u = 12559 - 115691. What is the hundreds digit of u?
4
Let d = 1214 + -777. What is the units digit of d?
7
Let d(w) = 4*w**3 - 8*w**2 + 4*w + 22. What is the units digit of d(6)?
2
Let v = 356 - 204. Suppose -4*j - h = -5*h - v, 5*j - h = 190. What is the units digit of j?
8
What is the tens digit of (-45)/(45/5) - -1608?
0
Let q(o) = -2*o + 1. Let b be 63/(-105) - (-2)/(-5). Let a be q(b). Suppose -75 = -4*y - 3*x, 4*y + a*x = 7*x + 96. What is the tens digit of y?
2
Suppose -50*r = -59*r + 414. Suppose -4*u = -56 - 8. Suppose -2*j - 4*f = -2*f - u, -2*j + r = -4*f. What is the units digit of j?
3
Let r(p) be the third derivative of p**4/8 + 4*p**3/3 + 3*p**2. Suppose 2*z + l - 6 = 12, 0 = -4*l + 16. What is the tens digit of r(z)?
2
Let t = -22 + 30. Suppose 6*m + 86 = t*m. What is the tens digit of m?
4
Let k = 64 - 12. Suppose 2*h = 52 + k. What is the units digit of h?
2
Let x = -56 - -61. Suppose l = x*l - 556. What is the tens digit of l?
3
Suppose y = 6 - 2. Suppose -w + 37 = y*v - 9, 3*v + w - 34 = 0. What is the tens digit of v?
1
What is the tens digit of (1005/(-134))/(-2*(-1)/(-20))?
7
Suppose -6*f = -2*f - 24. Suppose f*z - 154 = 176. What is the tens digit of z?
5
Let n be (11 - 0) + -2 + -3. Suppose 0 = 2*p - n - 0. Suppose -a + 86 - 10 = p*z, 344 = 5*a + 3*z. What is the tens digit of a?
6
Let w be -16 - 12 - (1 + 0). Let t = w - -101. What is the tens digit of t?
7
Let a be 5 + -1 + 0 + 6. Suppose 217 = -a*d + 737. What is the units digit of d?
2
Let y(h) = -h**3 + 26 + 12*h + 2*h + 8*h**2 - 20*h**2 - 33. What is the tens digit of y(-14)?
8
Suppose -161*m + 165*m - 876 = 0. What is the tens digit of m?
1
Let q be ((-24)/(-36))/(2/981 - 0). What is the tens digit of (-1)/((-657)/q - -2)?
0
Let i = 319 + 879. What is the tens digit of i?
9
Let c(j) = -j**3 + 7*j**2 + 3*j - 6. Let p be c(5). Let d(k) = 87 - 2*k + 7*k - p - 3*k. What is the tens digit of d(0)?
2
Let w(x) = -6*x + 12. Let b be w(10). Let v = b - -133. What is the units digit of v?
5
Let g(t) = -6*t - 23. Let j be g(-25). Let a = j + -96. What is the tens digit of a?
3
What is the units digit of (-191226)/(-483) + 4/46?
6
Let n be (1*(-2)/3)/((-1)/3). Suppose -4*z - 3*x = -2*z - 69, x = -n*z + 79. What is the units digit of z?
2
Let c be -1 - (-9 + -3 + 0). Let f = c - 8. Suppose o + 66 = f*o. What is the tens digit of o?
3
Let l(a) = -2*a**2 - 49*a + 7. Let r be l(-23). Let m = r + 6. What is the tens digit of m?
8
Let q = -836 + 1787. What is the units digit of q?
1
Let w = 85 + -71. Let q = w - -16. What is the units digit of q?
0
Let s(x) = 13*x + 228. Let j be s(-18). Let g(m) = 3*m + 12. Let d(u) = u**2 + u. Let c(w) = d(w) - g(w). What is the units digit of c(j)?
6
Let n(p) = p**3 - 4*p**2 - 13*p + 110. What is the tens digit of n(15)?
9
Suppose 2*z = 4*x + x + 13, -x - 3*z = -11. What is the hundreds digit of (x + 0)/((-565)/188 + 3)?
1
Suppose -4*h + 0*h + 83 = -j, 0 = -3*j - 9. Suppose 2 + h = t. What is the tens digit of t?
2
Let a = 666 - 245. What is the units digit of a?
1
Suppose v + 16 = 5*v. Suppose 6*m + 2*z - 386 = v*m, -z = 5. What is the units digit of m?
8
Let i = -1423 - -2763. What is the units digit of i?
0
Suppose -1254*l + 1259*l - 12535 = 0. What is the units digit of l?
7
What is the hundreds digit of 477 - 1 - ((-21)/(-7) - 3)?
4
What is the units digit of 1182 - ((-4 - -7 - 3) + 5)?
7
Suppose 0 = -5*p + 13 + 2. Suppose 0 = p*j - 43 - 29. Suppose -4*v = 5*d - 25, 4*d + 0*d = -4*v + j. What is the units digit of d?
1
Let h be 290/50 - 1/(-5). Suppose 3*y + 33 = h*y. Suppose -110 = 6*l - y*l. What is the units digit of l?
2
What is the tens digit of (-1386)/(0 + -3) - -2?
6
Let b(z) = -z**3 - 10*z**2 - 11*z + 1. Suppose -4*k = -5*h + 31, -3*k = -h + 3*h + 29. Let d be b(k). Suppose -3*n + 2*n = -d. What is the tens digit of n?
1
Let h(d) = 6*d - 21. Let u(k) = 3*k - 11. Let t(a) = -6*h(a) + 10*u(a). What is the units digit of t(-16)?
2
Suppose -z - 4*o + 5*o = 2, 5*z + 2*o = 18. Suppose -3*p - 5*n - 13 = -4*p, 3*p + z*n - 5 = 0. Suppose 198 = p*y + 3*y. What is the units digit of y?
3
Let h(u) = -u**3 + 9*u**2 - 6*u - 6. Let v be 7/(14/12) - -1. Let t be h(v). Suppose 2*r - t = -8. What is the tens digit of r?
2
Let d = 586 + 19. What is the units digit of d?
5
Let y = 31 + -20. Let h = y - 22. What is the tens digit of h/((0 - -3)/(-15))?
5
Suppose 0 = 10*c - 17*c + 294. What is the units digit of c?
2
Suppose -20503 = -40*w + 68497. What is the hundreds digit of w?
2
Let v be 0*(-4 - 14/(-4)). Let h(q) = 3*q + 51. Let u be h(v). Let n = 132 - u. What is the units digit of n?
1
What is the hundreds digit of 6/4*(-2)/3 + 202?
2
Suppose 4*i + 4 - 12 = 0. Suppose 0*v = -i*v + 106. Let w = v + -38. What is the tens digit of w?
1
What is the hundreds digit of ((-1)/(-6) - 143165/(-114)) + -2?
2
What is the hundreds digit of (-2)/4 + 1 + 2375/2?
1
Let w(r) = r**3 - 4*r**2 + r + 361. What is the units digit of w(0)?
1
S